3 - 15*l**2 - 16*l. Let q be x(16). Let d be v(q). Let n = d + 0. Is n even?
False
Suppose -18*n + 3222 = -42552. Does 13 divide n?
False
Let x be (-44)/(-10) + 4/(-10). Let j(i) = i**3 - 4*i**2 - 7*i + 4. Let t(u) = -2*u**3 + 8*u**2 + 13*u - 7. Let v(d) = 11*j(d) + 6*t(d). Is 3 a factor of v(x)?
True
Let f = -308 + 533. Let m = f + -139. Does 17 divide m?
False
Let r be 26/12 + -2 + (-1724)/(-24). Suppose 5*q - 2*l = 820, q + 3*l - 219 = -r. Does 39 divide q?
False
Let w(r) = r. Let d be w(-6). Let u be (2*(-3)/d)/(-1). Is 12 a factor of 36*(3 + u)/2?
True
Let j = 334 + -107. Does 4 divide j?
False
Let c = -323 - -454. Does 44 divide c?
False
Let q(p) = 19*p + 8. Let j be 21/(-6)*((-24)/(-21))/(-2). Is q(j) a multiple of 29?
False
Let p(n) = 7*n**2 + 10*n - 6. Let a(f) = -3*f**2 - 5*f + 3. Let h(r) = -5*a(r) - 2*p(r). Is h(-7) a multiple of 3?
False
Suppose 3*k = -3*c - 0*k + 1602, 5*c - 5*k = 2710. Suppose -20 = -4*l, -w - c = -4*w + 4*l. Is 15 a factor of w?
False
Suppose -19 = -6*i + 41. Is 15 a factor of (-5)/(-2)*(0 + i)?
False
Let w(f) = 2*f**2 + 5*f - 12. Is 6 a factor of w(2)?
True
Suppose 148 = -72*y + 76*y. Is y a multiple of 7?
False
Suppose -16*b = -21*b + 865. Does 5 divide b?
False
Let r = 5 + 1. Let a(g) = g**3 - g**2 + 2*g - 9. Let c be a(r). Suppose 5*l - 27 = c. Does 16 divide l?
False
Suppose -6*x - 16 = 2*x. Does 4 divide x/(-2) - (2 + -10)?
False
Suppose -c - 3*s = 2*s + 14, -4*c + 2*s + 32 = 0. Let g = 63 + c. Let i = g + -49. Does 8 divide i?
False
Let l = 333 + -575. Let x = l - -154. Let p = -51 - x. Does 14 divide p?
False
Let x(z) = 2*z**2 - z + 16. Let y be 16/(-24) - (-32)/(-6). Is x(y) a multiple of 24?
False
Let j be (0 - -2)*40/16. Let i(s) = s**2 + 71. Let c be i(0). Suppose -26 = -2*t + 4*l, -c = -3*t + 3*l - j*l. Is t a multiple of 7?
True
Let v be 6/8 + (-3380)/(-80). Let i = v + -4. Does 13 divide i?
True
Let r(i) = -1 - 11*i**3 - 5*i**2 - 71*i + 131*i - 63*i. Is 13 a factor of r(-3)?
True
Suppose 3*i - 12 = -2*s, 0 = 4*s - 0*i - 4*i + 16. Suppose v = 6*z - 3*z, 3*v - z = s. Suppose v = -n + 2*n - 98. Does 21 divide n?
False
Let p(a) = -18*a**3 - 3*a**2 + 10*a + 17. Does 4 divide p(-3)?
False
Suppose 0 = -s + 97 + 278. Does 34 divide s?
False
Is (-225331)/(-707) + 4/14 a multiple of 35?
False
Let i be 2*5/3*(-6 + 3). Is 4 a factor of -10*-1*(-8)/i?
True
Let f(d) = 18*d + 8. Let c be f(9). Suppose 0*u - c = -5*u. Let v = u + 8. Is 14 a factor of v?
True
Let c(l) = 7*l + 4 + 0 - 4 - 21. Is c(5) a multiple of 2?
True
Suppose -v = -2*v + 5*k + 153, 0 = -5*v + 4*k + 807. Is v a multiple of 8?
False
Suppose -4*n = -58 - 522. Suppose -5*h + 425 = -5*i, -3*h - 5*i = -70 - n. Is 16 a factor of h?
True
Suppose -17 - 64 = -n. Suppose 4*q = -2*d + 243 - n, 15 = -5*d. Is 8 a factor of q?
False
Suppose 3*h = 7 + 20. Let v = h - 4. Suppose v*u - 172 + 52 = 0. Is 5 a factor of u?
False
Let y(g) be the second derivative of 5*g**4/12 + g**3/6 + g**2/2 + 10*g. Does 20 divide y(-4)?
False
Let d = 20 - 26. Let f(p) = p**3 + 8*p**2 + 2*p - 9. Is f(d) a multiple of 17?
True
Let z(x) = 11*x + 11. Let q be z(-7). Let y = -29 - q. Does 13 divide y?
False
Let f(c) = -c**3 + 5*c**2 - 5*c - 2. Let x be f(4). Let n = 22 + x. Is n a multiple of 8?
True
Let a(r) = -188*r**3 - 3*r**2 + r - 5. Is a(-2) a multiple of 13?
False
Let m be 592/(-24)*(-18)/4. Let r = m - 68. Does 14 divide r?
False
Suppose 0 = 5*s - 2*s - 2*z - 715, -4*s - 4*z = -980. Is 7 a factor of s?
False
Suppose -4*h - 3*i + 720 = 0, 2*h = -11*i + 6*i + 374. Is h a multiple of 10?
False
Let m be (-8 - -5)*(2 - 3). Suppose 484 = 3*p - u, 2*u - 5*u = m*p - 480. Does 21 divide p?
False
Let f be 4*(-2 + 1) - (-5 + 4). Is 12 a factor of 1*f*770/(-21)?
False
Let y(g) = 30*g**2 + 3*g - 2. Is y(-2) a multiple of 28?
True
Suppose 0 = -5*y + 97 + 23. Suppose 5*w - 6 - 16 = -4*j, -4*j = 4*w - y. Does 10 divide (j/(-8))/((-2)/20)?
True
Let l(v) be the second derivative of -3*v**5/20 + v**3/6 + 11*v. Let i be l(-1). Suppose -17 = -i*p + 27. Is p a multiple of 11?
True
Suppose 5*v = -v + 30. Suppose 3*o - 84 = -v*a + 2*o, 2*a = -5*o + 52. Is a a multiple of 16?
True
Suppose -3*n - 27 = -4*p, 5*p = 4*p + 2*n + 8. Let i(r) = -47*r + 12. Let b be i(p). Let k = -146 - b. Is k a multiple of 31?
True
Suppose q + 2*z = -2*z - 2, z = 0. Let l be 9/(3/(-140)*q). Suppose -c = i - 96, -2*c + i = -l + 3. Does 19 divide c?
False
Let h be (6/(-9))/((-8)/1716). Let w = -33 + h. Is 22 a factor of w?
True
Suppose 8853 = -2020*k + 2033*k. Is k a multiple of 36?
False
Let o(p) = 2*p**2 - p + 5. Let m be o(0). Suppose 4*q - 200 = -4*j, 3*j - 242 = -m*q + 2*j. Does 8 divide q?
True
Let a = 42 + -24. Let d(y) = 3*y**3 - a - 2*y**3 + 10*y + 10*y**2 + 12. Is d(-8) a multiple of 14?
True
Suppose -4*m = -7*m + 3, 0 = 4*z + 2*m - 394. Is 54 a factor of z?
False
Let q = -188 - -116. Is (-3184)/q - ((-8)/(-18))/2 a multiple of 4?
True
Suppose -4*z + 6*m = 8*m - 3742, 1868 = 2*z + 4*m. Is z a multiple of 36?
True
Suppose p + 4*p - 205 = 0. Suppose 5*v - 2*d - 234 = v, -4*d = -v + p. Is v a multiple of 17?
False
Suppose -5*z - 6*f = -3*f + 85, 3*z + 27 = 3*f. Let j = z - -13. Is 4 a factor of -3 + j/(4/(-44))?
True
Suppose 4*a - 32 + 0 = 0. Let x(w) = -w**3 + 8*w**2 + 5. Is x(a) a multiple of 5?
True
Let m(i) = i - 6. Let c be m(11). Suppose 4*h = 2*h + c*a - 9, 3*h = -a + 12. Is 2 a factor of h?
False
Suppose 8 = -6*o + 2*o + 5*m, -3*o - 2*m = -17. Suppose -o*v = -5*z + 58 + 834, -178 = -z + v. Is z a multiple of 24?
False
Suppose 1 + 43 = t. Let j be (-3 - -2)/((-4)/t). Let r(s) = -s**3 + 12*s**2 - 9*s - 1. Does 7 divide r(j)?
True
Let u(a) = 6*a**3 - 51*a**2 - a - 29. Is u(11) a multiple of 5?
True
Let u(o) = o**2 - 2*o - 4. Let s be u(4). Let j be (s/1 + 3)*7. Is 5 a factor of 68/7 + 14/j?
True
Suppose 3 = 3*g, -5 = -3*f + 7*f - 5*g. Suppose 10*x - 23*x + 325 = f. Does 9 divide x?
False
Let z(k) = 50*k**3 - k**2 + 4*k - 2. Does 3 divide z(1)?
True
Let v be (13/(130/4))/((-4)/(-50)). Suppose 0 = d + 2*d + 4*m - 41, 2*m = -5*d + 45. Suppose d*y - 22 = 3*y - v*i, 0 = -3*y + i + 7. Is y a multiple of 2?
False
Let v(m) be the third derivative of -m**6/120 - m**5/6 - 5*m**4/12 - 2*m**3/3 - 2*m**2. Let d be v(-7). Let a = d - -122. Does 14 divide a?
False
Is 24 a factor of (-14)/((-2)/(-9) - (-8)/(-32))?
True
Suppose 6*j = 8*j - 10. Let a be 32/3*(3 - -6). Suppose j*t - a = -16. Is t a multiple of 6?
False
Let i(z) = -4*z - 98. Let u be i(-31). Suppose -15*d - 1496 = -u*d. Does 17 divide d?
True
Let g be ((-19)/2)/(5/(-10)). Let u = g - 17. Suppose -86 = -4*a - 2*t, 10 = -4*t - u. Does 8 divide a?
False
Suppose -9*k = -2491 + 655. Let r = k - 28. Is r a multiple of 16?
True
Let q(a) = a**2 - 27*a + 1148. Does 11 divide q(0)?
False
Let s(h) = h**3 + 8*h**2 + 5*h - 10. Let t be s(-7). Suppose -315 = -l - t*l. Suppose l = 2*q + 13. Is q a multiple of 25?
True
Suppose -954 = -a - n - 200, -n + 9778 = 13*a. Is 12 a factor of a?
False
Let i(d) = 2*d - 26. Let c be i(11). Does 8 divide ((-20)/12)/(c/192)?
True
Let k = -29 - -21. Let n = k - -10. Suppose g - n*f + 84 = 2*g, g - 4*f = 84. Is 28 a factor of g?
True
Let t = 102 - 101. Let d = t + 125. Is d a multiple of 21?
True
Suppose -2926 = 144*l - 146*l. Is 9 a factor of l?
False
Is (312/15)/(2/60) a multiple of 32?
False
Let z be (2 - 2)/(-3 - -1). Suppose 45 = 5*o - z*o - 3*k, 3*k = 0. Suppose -o*f = -4*f - 180. Is 11 a factor of f?
False
Let m(w) = 7*w**2 - 3*w - 8. Is m(-2) even?
True
Suppose 3*l + 5*r - 135 = 0, -4*l + 166 = 3*r - r. Does 3 divide l?
False
Let n = 1 - -4. Suppose -5*s - q = -2*q - 236, 0 = -5*s - n*q + 260. Is s a multiple of 6?
True
Let z be 296/5 - (-8)/10. Let c = 4 + 1. Suppose -4*r - z = -c*r. Is r a multiple of 20?
True
Suppose 4*w + 4*f = -4, -5*w - 4*f - 8 = -0*w. Let v be 0 + 7/((-14)/w). Suppose 0*g = v*g - 54. Does 27 divide g?
True
Let j = 42 - 121. Let a = j + 176. Suppose a = 3*z - 0*z - c, -4*z + c + 130 = 0. Does 10 divide z?
False
Suppose 4*i = 1008 - 84. Suppose -5*d + x - 45 = -i, 12 = 3*x. Does 12 divide d?
False
Suppose 8*f = 6*f. Suppose -5*y + 38 + 12 = f. Is 5 a factor of y?
True
Let j be (-2)/6 + 1930/30. Let p = j - 17. Does 7 divide p?
False
Let t = -36 + 120. Is t + ((-36)/(-24))/(6/16) a multiple of 9?
False
Let k(s) be 